 + 53*s + 1417. Give l(-38).
-2041
Let s(x) = 4907*x + 20494. Give s(-3).
5773
Let t(s) = -2*s**3 - 9*s**2 + 81226*s + 6. Calculate t(0).
6
Let a(i) = -226*i + 14060. Determine a(61).
274
Let f(s) = s**3 - 9*s**2 + 1393*s - 8251. What is f(6)?
-1
Let g(w) = -6503*w + 24360. Give g(4).
-1652
Let h(o) = 11*o**3 - 53*o**2 + 72*o + 283. Calculate h(3).
319
Let x(c) = -c**3 - 12*c**2 + 227*c - 28. Determine x(10).
42
Let g(q) = 7*q**3 - 91*q**2 + 93*q - 69. What is g(12)?
39
Let c(q) = -103*q + 5129. Give c(53).
-330
Let c(n) = -n**3 + 13*n**2 + 30699*n - 399086. What is c(13)?
1
Let s(l) = 8*l**3 + 3*l**2 + 47*l - 82. Determine s(2).
88
Let o(z) = -349*z - 4663. Calculate o(-7).
-2220
Let t(r) = 13*r**2 - 1146*r - 89420. Determine t(138).
4
Let m(h) = h**2 - 2718*h + 77979. Determine m(29).
-2
Let l(w) = -3*w**2 + 242*w - 4004. Give l(23).
-25
Let k(z) = 7*z**2 - 1076*z - 3299. Calculate k(-3).
-8
Let u(n) = 9*n**2 - 904*n + 274. Give u(101).
779
Let p(h) = 621*h - 10219. Give p(17).
338
Let n(d) = -3210*d - 1027173. Calculate n(-320).
27
Let h(q) = q**2 - 40*q - 3870. Calculate h(-58).
1814
Let z(m) = m**2 + 104*m + 2728. What is z(-60)?
88
Let h(c) = -c**2 - 53*c + 9627. What is h(-134)?
-1227
Let o(g) = 38325*g - 728209. Calculate o(19).
-34
Let q(x) = x**2 + 13338*x - 817441. Determine q(61).
-102
Let f(z) = -16676*z - 66748. Calculate f(-4).
-44
Let j(n) = 3*n**3 + 307*n**2 + 868*n + 78304. Determine j(-102).
172
Let j(q) = -100*q - 1479. What is j(7)?
-2179
Let p(s) = -4*s**2 + 2179*s + 13130. Give p(-6).
-88
Let t(m) = -4*m**3 + 63*m**2 + 360*m - 4665. Determine t(17).
10
Let w(y) = 2*y**2 + 255*y + 8048. What is w(-70)?
-2
Let w(g) = -14218*g + 85364. Give w(6).
56
Let f(z) = -616630*z + 1849895. Calculate f(3).
5
Let o(a) = a**3 + 16*a**2 - 5*a + 173. Calculate o(-17).
-31
Let d(r) = -r**3 - 19*r**2 + 150*r + 66. Determine d(-25).
66
Let r(b) = -4*b**2 - 280*b + 29113. Determine r(-125).
1613
Let w(f) = -f**3 + 77*f**2 - 841*f + 3973. Give w(65).
8
Let x(m) = 411*m**2 + 1829*m + 1795. What is x(-3)?
7
Let y(w) = 869184*w**2 - 6084294*w + 16. What is y(7)?
-26
Let f(d) = -11*d**3 - 3*d**2 + 20*d - 38. What is f(3)?
-302
Let f(c) = -12*c**2 - 1139*c - 16774. Calculate f(-15).
-2389
Let u(y) = 3*y**2 + 2066*y + 333840. Calculate u(-259).
-11
Let m(y) = 152014*y - 456062. Determine m(3).
-20
Let p(z) = 296*z - 309912. What is p(1047)?
0
Let b(y) = -7*y**2 + 794*y + 3591. What is b(118)?
-185
Let t(r) = 2*r**3 + 13842*r**2 + 55335*r - 9. Calculate t(-4).
-5
Let i(n) = 6*n**2 + 76*n - 11540. Determine i(38).
12
Let c(j) = j**3 + 4*j**2 - 175*j - 62. Give c(-16).
-334
Let x(l) = -1383*l + 70542. Give x(51).
9
Let b(x) = 2061*x + 228545. Determine b(-111).
-226
Let v(o) = 5530*o - 182550. What is v(33)?
-60
Let w(r) = 11440*r + 903545. Calculate w(-79).
-215
Let m(s) = -s**3 - 82*s**2 - 85*s + 4978. What is m(-80)?
-1022
Let g(i) = -1813*i - 542059. What is g(-299)?
28
Let s(r) = -837*r - 4160. Give s(-5).
25
Let s(r) = -3*r**3 - 50*r**2 + 443*r - 455. What is s(8)?
-1647
Let z(t) = 36752*t + 3160684. Calculate z(-86).
12
Let z(g) = -g**3 + 16*g**2 - 70*g + 59. Determine z(6).
-1
Let d(m) = -24*m**3 + 57*m**2 - 190*m. Give d(3).
-705
Let r(o) = 6*o**2 - 101257*o + 101256. Give r(1).
5
Let b(x) = 2667*x - 31066. Give b(11).
-1729
Let o(n) = -26*n + 101. What is o(3)?
23
Let g(j) = -1346*j + 23532. Determine g(19).
-2042
Let c(x) = 72*x - 354. What is c(-7)?
-858
Let n(r) = 2972*r + 2618. Determine n(-1).
-354
Let g(b) = -508*b + 523. Calculate g(1).
15
Let f(p) = 35868*p + 1829272. Give f(-51).
4
Let y(x) = 558*x**2 + 4460*x + 13. What is y(-8)?
45
Let a(w) = 643816*w - 18670658. What is a(29)?
6
Let j(d) = 532*d + 77816. Calculate j(-146).
144
Let x(h) = -102809*h + 1336515. Calculate x(13).
-2
Let l(b) = -1169*b - 469797. Determine l(-402).
141
Let k(s) = s**3 + 96*s**2 + 471*s + 177. What is k(-91)?
-1279
Let n(f) = f**3 + 317*f**2 + 15224*f + 9. Determine n(-59).
-109
Let s(u) = 5*u**2 - 1478*u + 92870. Determine s(205).
5
Let i(v) = -v**2 + 455021*v - 3185095. Calculate i(7).
3
Let q(b) = 15*b**2 - 1723*b + 5174. What is q(3)?
140
Let z(x) = 317*x - 15971. Determine z(47).
-1072
Let b(p) = 94*p**2 - 6192*p - 13608. Give b(68).
-8
Let h(i) = 28*i**3 + i**2 + 2*i - 2. Give h(2).
230
Let n(j) = -j**2 + 581756*j - 6980935. What is n(12)?
-7
Let q(d) = 17346*d + 121369. Give q(-7).
-53
Let n(c) = -c**2 + 41*c - 657. Give n(12).
-309
Let j(m) = -32737*m - 14240587. What is j(-435)?
8
Let t(s) = -s**3 + 41*s**2 - 329*s + 17940. Give t(43).
95
Let t(q) = -1207828*q + 2415660. What is t(2)?
4
Let w(s) = -s**3 - 2*s**2 + 3221*s + 16128. Calculate w(-5).
98
Let d(w) = w**3 + 65*w**2 + 713*w - 201. What is d(-51)?
-150
Let s(n) = 14*n**2 + 2798*n - 353. Calculate s(-200).
47
Let h(b) = 1644*b + 139720. Calculate h(-85).
-20
Let n(b) = -21*b**2 - 4497*b - 5089. Determine n(-213).
23
Let k(p) = 199*p**3 + 535*p**2 - 542*p + 6. Give k(1).
198
Let w(a) = a**3 + 170*a**2 - 2179*a - 370425. Give w(-170).
5
Let l(n) = -2*n**3 + 5*n**2 - 90*n + 793. What is l(6)?
1
Let t(h) = 18954*h + 549660. Give t(-29).
-6
Let w(u) = -u**3 - 181*u**2 - 4753*u + 2248. Give w(-149).
13
Let j(v) = -424*v + 11411. Determine j(26).
387
Let n(r) = -r**3 + 7*r**2 + 367*r - 2245. Give n(6).
-7
Let o(l) = 2*l**3 - 160*l**2 - 287*l + 9912. Determine o(81).
-213
Let k(w) = 18*w**2 + 10488*w - 13992. Determine k(-584).
24
Let l(w) = -w**2 - 4009*w - 40030. Calculate l(-10).
-40
Let k(o) = -226*o + 642. Determine k(-5).
1772
Let v(d) = -d**2 + 1700*d + 27474. Give v(-16).
18
Let q(p) = -p**3 - 9*p**2 + 270*p - 178. Give q(12).
38
Let y(v) = 1185*v - 28678. Determine y(24).
-238
Let w(q) = 641*q - 26421. Calculate w(41).
-140
Let t(r) = 2*r**3 - 25*r**2 - 169*r + 2213. What is t(9)?
125
Let v(r) = 430*r - 9975. Calculate v(23).
-85
Let k(u) = -2*u**3 + 303*u**2 + 27307*u - 430. What is k(215)?
0
Let h(t) = -170*t**2 + 1997*t - 7957. Determine h(4).
-2689
Let y(g) = 5166*g + 4143129. Calculate y(-802).
-3
Let z(l) = 12*l**3 + 79*l**2 - 122*l - 794. Give z(-7).
-185
Let m(q) = q**3 + 60*q**2 + 384*q + 15635. Determine m(-58).
91
Let v(s) = -26*s**3 + 5225*s**2 + 200*s + 66. Calculate v(201).
-135
Let x(k) = -283*k - 7483. What is x(-27)?
158
Let l(r) = -r**3 + 275*r**2 - 16881*r - 24073. Determine l(181).
0
Let h(t) = -94*t**2 - 998*t + 1260. What is h(-12)?
-300
Let p(q) = -144*q + 200. What is p(8)?
-952
Let r(b) = 8109*b + 567638. Calculate r(-70).
8
Let t(l) = 11294*l + 384045. Calculate t(-34).
49
Let c(n) = 6*n**3 + 46*n**2 - 18*n - 431. Give c(-6).
37
Let p(m) = -17*m**3 - 5*m**2 - 6*m + 7. Calculate p(-2).
135
Let l(t) = -9*t**3 - 11*t**2 - 11*t - 37. Calculate l(-4).
407
Let s(c) = -c**2 + 369*c + 10142. Calculate s(-26).
-128
Let b(h) = 2616*h + 93956. Calculate b(-36).
-220
Let i(t) = -31*t**2 + 8576*t - 8572. Determine i(1).
-27
Let f(r) = -6890*r - 427180. Give f(-62).
0
Let a(h) = -3120*h - 93530. Give a(-30).
70
Let r(w) = 2*w**3 + 415*w**2 + 175*w - 6198. Calculate r(-207).
426
Let n(t) = -603*t**2 + 12073*t - 239. Give n(20).
21
Let x(d) = 573*d - 3448. What is x(6)?
-10
Let j(i) = 558*i - 15265. Calculate j(27).
-199
Let d(i) = -755*i - 14246. Calculate d(-19).
99
Let b(m) = -72*m + 5884. Determine b(83).
-92
Let j(b) = -503*b - 4243. What is j(-7)?
-722
Let j(c) = -986*c - 126139. Determine j(-128).
69
Let m(j) = 2*j**3 + 635*j**2 - 2599*j + 100. Calculate m(4).
-8
Let x(t) = -52354*t - 575889. Determine x(-11).
5
Let n(f) = 3*f**2 + 258*f + 4349. Calculate n(-23).
2
Let a(v) = 3*v**3 + 840*v**2 + 19127*v + 506. Give a(-255).
-4
Let m(a) = a**3 - 12*a**2 - 919*a + 8512. Calculate m(9).
-2
Let a(l) = l**3 + 83*l**2 - 1720*l - 1995. Determine a(-100).
5
Let d(z) = 12*z**2 - 3784*z - 17934. Give d(320).
-14
Let j(m) = m**3 + 12*m**2 + 3307*m - 3. Determine j(0).
-3
Let g(y) = 24*y**2 + 204*y + 21. Determine g(-10).
381
Let w(z) = -21*z**2 - 328*z + 656. Give w(2).
-84
Let c(m) = -m**2 - 834*m - 4066. Determine c(-5).
79
Let q(g) = -g**3 - 28*g**2 - 195*g - 405. Give q(-5).
-5
Let l(f) = 3327*f - 685262. What is l(206)?
100
Let f(o) = -o**2 + 3915*o + 622381. What is f(-153)?
-23
Let b(z) = 6*z**3 + 46*z**2 + 348*z + 24. Give b(-8).
-2888
Let y(t) = 2*t**3 - 9*t**2 + 48*t